posite?
True
Is 5261 a composite number?
False
Is 553933 composite?
False
Is 1673 composite?
True
Is 831989 a composite number?
True
Is 145283 prime?
True
Is 5677 prime?
False
Is 1541 composite?
True
Is 24749 a composite number?
False
Is 242989 composite?
False
Is 1293 prime?
False
Is 42611 composite?
False
Is 90787 a composite number?
False
Is 480751 prime?
False
Is 147115 a composite number?
True
Is 835 a prime number?
False
Is 54667 composite?
False
Is 56149 composite?
False
Is 982229 a composite number?
True
Is 892897 a composite number?
True
Is 42907 prime?
False
Is 6887 a composite number?
True
Is 388099 composite?
False
Is 15177 a prime number?
False
Is 3554 a prime number?
False
Is 44483 a prime number?
True
Is 290863 a prime number?
False
Is 21815 composite?
True
Is 800953 composite?
False
Is 32137 prime?
False
Is 2707 composite?
False
Is 5747 a prime number?
False
Is 214967 a composite number?
False
Is 1027147 prime?
False
Is 1931 prime?
True
Is 157159 a composite number?
True
Is 133153 a composite number?
False
Is 288647 prime?
True
Is 217541 a composite number?
True
Is 113 composite?
False
Is 14767 a prime number?
True
Is 40739 a prime number?
True
Is 4259 a prime number?
True
Is 85889 a prime number?
True
Is 16795 composite?
True
Is 1555 a prime number?
False
Is 1876021 a composite number?
True
Is 118343 a prime number?
True
Is 52147 composite?
False
Is 10167 a prime number?
False
Is 2179 a composite number?
False
Is 50411 a composite number?
False
Is 18503 prime?
True
Is 5189 a prime number?
True
Is 41119 composite?
True
Is 446759 a composite number?
False
Is 16519 a composite number?
False
Is 2085769 a prime number?
False
Is 52757 a composite number?
False
Is 158471 a prime number?
False
Is 1437 a composite number?
True
Is 809 prime?
True
Is 3691 composite?
False
Is 100253 composite?
True
Is 2579 composite?
False
Is 15115 a composite number?
True
Is 289921 composite?
True
Is 3614239 prime?
True
Is 31301 a composite number?
True
Is 34271 prime?
False
Is 1387037 a prime number?
True
Is 37643 prime?
True
Is 4045 composite?
True
Is 381 a prime number?
False
Is 32217 composite?
True
Is 27449 composite?
False
Is 7751 a prime number?
False
Is 14165 composite?
True
Is 131329 prime?
False
Is 671 a prime number?
False
Is 6371 a prime number?
False
Is 853 composite?
False
Is 78203 composite?
False
Is 187309 a prime number?
False
Is 53129 a prime number?
True
Is 16741 a composite number?
False
Is 74567 a prime number?
True
Is 103 a composite number?
False
Is 20077 a composite number?
True
Is 916999 composite?
False
Is 21833 a composite number?
True
Is 5079 prime?
False
Is 464647 a composite number?
False
Is 13163 composite?
False
Is 191161 a prime number?
True
Is 8254 composite?
True
Is 197763 a composite number?
True
Is 26813 a prime number?
True
Is 40097 prime?
False
Is 991957 a composite number?
False
Is 608471 composite?
False
Is 2935 composite?
True
Is 5429 a composite number?
True
Is 27271 composite?
False
Is 3429191 a composite number?
False
Is 1279741 a composite number?
True
Is 728053 composite?
True
Is 78539 a composite number?
False
Is 27581 composite?
False
Is 609359 a prime number?
True
Is 477107 a prime number?
False
Is 1043 a composite number?
True
Is 38993 a prime number?
True
Is 21059 a composite number?
False
Is 397 a composite number?
False
Is 20779 composite?
True
Is 559 a prime number?
False
Is 3491 a prime number?
True
Is 3229 prime?
True
Is 5923 prime?
True
Is 72613 a composite number?
False
Is 1317 a composite number?
True
Is 14621 composite?
False
Is 88969 a composite number?
False
Is 22027 prime?
True
Is 641 prime?
True
Is 58309 composite?
False
Is 6353 composite?
False
Is 11015 a prime number?
False
Is 192019 a prime number?
False
Is 570347 a composite number?
True
Is 1473145 a prime number?
False
Is 19489 a composite number?
False
Is 18743 a composite number?
False
Is 633 a prime number?
False
Is 191227 a composite number?
False
Is 16663 a composite number?
True
Is 416531 a composite number?
False
Is 488549 prime?
False
Is 40253 composite?
False
Is 4351 a prime number?
False
Is 1944955 a prime number?
False
Is 24937 prime?
False
Is 76683 prime?
False
Is 3595 composite?
True
Is 27877 a prime number?
False
Is 22961 a composite number?
False
Is 2519 a prime number?
False
Is 43457 a composite number?
False
Is 11541 a composite number?
True
Is 6521 composite?
False
Is 655939 a composite number?
True
Is 171257 composite?
True
Is 3203 a prime number?
True
Is 55849 a composite number?
False
Is 140347 prime?
False
Is 220009 a prime number?
True
Is 23969 a prime number?
False
Is 483043 prime?
False
Is 12499 composite?
True
Is 1443863 a composite number?
True
Is 215653 a composite number?
False
Is 1409 composite?
False
Is 180787 a prime number?
False
Is 449 composite?
False
Is 1456283 prime?
False
Is 42851 a prime number?
False
Is 629573 a prime number?
False
Is 603203 a prime number?
True
Is 345955 a composite number?
True
Is 283369 a composite number?
False
Is 796063 a composite number?
False
Is 13771 composite?
True
Is 29411 composite?
False
Is 102397 composite?
False
Is 22303 a prime number?
True
Is 122623 a composite number?
True
Is 320971 a composite number?
True
Is 14123 a composite number?
True
Is 10361 prime?
False
Is 133241 a prime number?
True
Is 5077 a composite number?
False
Is 1067239 composite?
False
Is 155327 prime?
True
Is 32551 a composite number?
True
Is 865 a composite number?
True
Is 548083 a prime number?
True
Is 346913 composite?
True
Is 11430623 composite?
False
Is 66574 a composite number?
True
Is 8419 composite?
False
Is 5981 prime?
True
Is 158953 a composite number?
True
Is 52477 composite?
True
Is 10645 composite?
True
Is 22373 composite?
True
Is 650523 composite?
True
Is 3683 composite?
True
Is 59699 composite?
False
Is 1252915 a composite number?
True
Is 2894 prime?
False
Is 9865 a composite number?
True
Is 443221 prime?
True
Is 134111 a composite number?
True
Is 10357 prime?
True
Is 25798 composite?
True
Is 8529 composite?
True
Is 318671 prime?
True
Is 4227 a composite number?
True
Is 751 prime?
True
Is 187631 prime?
True
Is 35039 a prime number?
False
Is 5323 a composite number?
False
Is 1574773 composite?
False
Is 251 composite?
False
Is 1931 a composite number?
False
Is 1917653 prime?
True
Is 168389 prime?
False
Is 19949 prime?
True
Is 20039 composite?
True
Is 76943 prime?
True
Is 405419 a prime number?
False
Is 13379 a prime number?
False
Is 76711 prime?
False
Is 93343 a prime number?
False
Is 1657889 prime?
True
Is 758411 composite?
False
Is 29591 a prime number?
False
Is 1005751 a composite number?
False
Is 61613 composite?
False
Is 182285 composite?
True
Is 873685 prime?
False
Is 7829 prime?
True
Is 439 prime?
True
Is 1247309 composite?
True
Is 961601 a composite number?
False
Is 331117 a composite number?
True
Is 1160701 a prime number?
False
Is 30997 composite?
True
Is 37441 prime?
True
Is 40319 a composite number?
True
Is 56065 a composite number?
True
Is 14119 composite?
True
Is 3545 prime?
False
Is 9079 a prime number?
False
Is 254461 a composite number?
False
Is 14453 a composite number?
True
Is 4083 prime?
False
Is 61735 a prime number?
False
Is 18859 a composite number?
False
Is 693586 a composite number?
True
Is 5669 a prime number?
True
Is 143909 a composite number?
False
Is 2177647 a composite number?
True
Is 465839 a prime number?
False
Is 251627 prime?
False
Is 37253 prime?
True
Is 33209 a prime number?
False
Is 13019 a composite number?
True
Is 76799 a prime number?
False
Is 91727 prime?
False
Is 6241 a prime number?
False
Is 31397 a prime number?
True
Is 48631 a prime number?
False
Is 5143 composite?
True
Is 201781 prime?
True
Is 490309 a composite number?
False
Is 72749 a prime number?
False
Is 547061 prime?
True
Is 1904891 prime?
True
Is 76339 prime?
False
Is 182159 a composite number?
False
Is 2179 a composite number?
False
Is 115249 composite?
False
Is 2309113 composite?
False
Is 1363883 a composite number?
False
Is 847403 a prime number?
False
Is 17467 composite?
False
Is 85889 composite?
False
Is 1349111 a prime number?
False
Is 15259 a composite number?
False
Is 77086 prime?
False
Is 347533 prime?
True
Is 4358 a composite number?
True
Is 853829 composite?
True